54221.
3, 13, 273113
List the prime factors of 388463123.
23, 16889701
What are the prime factors of 605090977?
19841, 30497
List the prime factors of 22632620.
2, 5, 43, 26317
List the prime factors of 4667482253.
7, 23, 37, 783529
What are the prime factors of 245951905?
5, 49190381
What are the prime factors of 803335515?
3, 5, 47, 1139483
List the prime factors of 317231876.
2, 13, 6100613
List the prime factors of 958516590.
2, 3, 5, 31, 47, 21929
What are the prime factors of 1237369614?
2, 3, 13, 37, 107, 4007
What are the prime factors of 42385097?
17, 1579
List the prime factors of 3178594965.
3, 5, 7, 13, 107, 3109
What are the prime factors of 116150938?
2, 58075469
What are the prime factors of 37436355?
3, 5, 11, 75629
List the prime factors of 94025192.
2, 29, 47, 8623
List the prime factors of 4185343768.
2, 43, 12166697
List the prime factors of 116965315.
5, 131, 283, 631
List the prime factors of 69565480.
2, 5, 401, 4337
List the prime factors of 92669873.
17, 320657
What are the prime factors of 3573082365?
3, 5, 2357, 101063
What are the prime factors of 3520079771?
13, 59, 4589413
List the prime factors of 36738312.
2, 3, 13, 117751
What are the prime factors of 342997757?
331, 1036247
What are the prime factors of 851320598?
2, 73, 5830963
What are the prime factors of 218788031?
7, 11, 67, 42409
List the prime factors of 223119333.
3, 8263679
List the prime factors of 111171364.
2, 17, 5657
What are the prime factors of 494084158?
2, 17, 14531887
What are the prime factors of 89076008?
2, 7, 1590643
List the prime factors of 568089013.
568089013
List the prime factors of 59063771.
13, 4543367
List the prime factors of 1538900345.
5, 19, 16198951
List the prime factors of 3640314188.
2, 7, 130011221
List the prime factors of 3589058697.
3, 7, 31, 41, 47, 2861
List the prime factors of 1569877444.
2, 17, 809, 28537
List the prime factors of 4529974410.
2, 3, 5, 13, 193, 743
List the prime factors of 197987734.
2, 7, 863, 2341
List the prime factors of 7530858017.
8599, 875783
List the prime factors of 5947961043.
3, 193, 10272817
List the prime factors of 24990159.
3, 8330053
What are the prime factors of 833192513?
59, 14121907
List the prime factors of 1592135124.
2, 3, 41, 3236047
List the prime factors of 863775896.
2, 1999, 54013
What are the prime factors of 431064528?
2, 3, 23, 557, 701
What are the prime factors of 396797313?
3, 11, 12024161
List the prime factors of 31214979.
3, 23, 150797
What are the prime factors of 1386085419?
3, 547, 93851
List the prime factors of 16704850.
2, 5, 61, 5477
What are the prime factors of 87264173?
397, 219809
What are the prime factors of 1025522124?
2, 3, 11, 739, 10513
List the prime factors of 1365572668.
2, 17, 457, 43943
What are the prime factors of 148792903?
7, 21256129
What are the prime factors of 231919943?
231919943
What are the prime factors of 68174503?
149, 457547
List the prime factors of 82121542.
2, 31, 131, 10111
What are the prime factors of 4911582?
2, 3, 13, 62969
List the prime factors of 369021713.
1259, 293107
List the prime factors of 1787862648.
2, 3, 11, 13, 257, 2027
What are the prime factors of 39884439?
3, 7, 19, 99961
What are the prime factors of 252685098?
2, 3, 1277, 10993
List the prime factors of 18607155.
3, 5, 7, 177211
List the prime factors of 82153719.
3, 1069, 8539
List the prime factors of 3047704032.
2, 3, 31746917
List the prime factors of 1893971964.
2, 3, 157830997
What are the prime factors of 857357679?
3, 285785893
List the prime factors of 94116451.
11, 13, 107, 6151
List the prime factors of 106617002.
2, 4723, 11287
List the prime factors of 2331078.
2, 3, 29, 13397
What are the prime factors of 392137409?
19, 20638811
What are the prime factors of 340236323?
7, 29, 1676041
What are the prime factors of 374860899?
3, 7, 19, 139, 751
List the prime factors of 144499073.
144499073
List the prime factors of 579847537.
1223, 474119
What are the prime factors of 3133537077?
3, 11, 94955669
List the prime factors of 518069791.
518069791
List the prime factors of 40276076.
2, 10069019
What are the prime factors of 263402826?
2, 3, 127, 345673
List the prime factors of 80107789.
853, 93913
List the prime factors of 6088947002.
2, 67, 1231, 36913
What are the prime factors of 94870288?
2, 5929393
List the prime factors of 426229198.
2, 131, 1626829
What are the prime factors of 798823961?
13, 4726769
List the prime factors of 577119484.
2, 144279871
What are the prime factors of 61872211?
3761, 16451
List the prime factors of 8098290.
2, 3, 5, 17, 67, 79
List the prime factors of 17376466.
2, 173, 50221
What are the prime factors of 406199447?
406199447
What are the prime factors of 13183458?
2, 3, 29, 75767
List the prime factors of 6421031.
19, 337949
What are the prime factors of 67449772?
2, 13, 19, 233, 293
What are the prime factors of 411698673?
3, 17, 896947
List the prime factors of 8768988.
2, 3, 243583
What are the prime factors of 45291113?
7, 71, 91129
What are the prime factors of 138229889?
7, 431, 45817
List the prime factors of 25640332.
2, 349, 18367
What are the prime factors of 3965914777?
11, 360537707
What are the prime factors of 41423521?
41423521
List the prime factors of 123748085.
5, 271, 337
What are the prime factors of 110949428?
2, 71, 227, 1721
What are the prime factors of 71937203?
13, 5533631
What are the prime factors of 68651988?
2, 3, 5720999
List the prime factors of 50827628.
2, 2851, 4457
What are the prime factors of 1244258801?
1244258801
List the prime factors of 551490323.
547, 1008209
List the prime factors of 1545601783.
11, 97, 367, 3947
What are the prime factors of 27063280?
2, 5, 37, 41, 223
What are the prime factors of 684437337?
3, 25349531
List the prime factors of 5013557610.
2, 3, 5, 167118587
List the prime factors of 3251666140.
2, 5, 211, 770537
What are the prime factors of 18217342?
2, 11, 13, 63697
What are the prime factors of 994192668?
2, 3, 7, 103, 38303
List the prime factors of 4434809398.
2, 29, 1811, 42221
List the prime factors of 174929425.
5, 11, 636107
List the prime factors of 200955475.
5, 7, 59, 19463
What are the prime factors of 131882865?
3, 5, 29, 113, 2683
What are the prime factors of 3131878841?
7, 13, 34416251
List the prime factors of 1757711278.
2, 349, 2518211
List the prime factors of 74892530.
2, 5, 7489253
List the prime factors of 207637666.
2, 283, 366851
List the prime factors of 35315803.
35315803
List the prime factors of 16091696.
2, 409, 2459
List the prime factors of 6511107.
3, 2170369
List the prime factors of 366647836.
2, 91661959
List the prime factors of 5296519.
5296519
What are the prime factors of 890741705?
5, 7, 131, 1483
What are the prime factors of 119844906?
2, 3, 571, 34981
What are the prime factors of 449516028?
2, 3, 13, 2881513
List the prime factors of 983658742.
2, 11, 44711761
What are the prime factors of 18457564?
2, 4614391
What are the prime factors of 601222729?
41, 163, 89963
List the prime factors of 1406026959.
3, 67, 101, 69259
List the prime factors of 34961488.
2, 467, 4679
What are the prime factors of 1792312018?
2, 7, 128022287
List the prime factors of 2327315579.
2327315579
What are the prime factors of 32975281?
43, 766867
What are the prime factors of 2067050678?
2, 7, 11, 43, 283, 1103
What are the prime factors of 2197435527?
3, 7, 31, 131, 409
List the prime factors of 3990827157.
3, 1330275719
What are the prime factors of 74834123?
7, 13, 29, 4051
List the prime factors of 1524875897.
137, 1429, 7789
List the prime factors of 772552682.
2, 11, 239, 349, 421
List the prime factors of 3019176216.
2, 3, 7, 97, 61757
List the prime factors of 173338080.
2, 3, 5, 331, 1091
What are the prime factors of 28449996?
2, 3, 2370833
What are the prime factors of 295896705?
3, 5, 13, 31, 1579
List the prime factors of 35781884.
2, 8945471
What are the prime factors of 109953463?
1861, 59083
List the prime factors of 3538677534.
2, 3, 7, 17, 19, 260849
What are the prime factors of 6997160499?
3, 7, 263, 1266913
What are the prime factors of 84463547?
7, 12066221
List the prime factors of 4812917671.
389, 12372539
What are the prime factors of 4293451726?
2, 2531, 848173
List the prime factors of 